{"version":"1.0","provider_name":"\u0627\u0644\u0645\u0639\u0647\u062f \u0627\u0644\u0641\u0631\u0646\u0633\u064a \u0641\u064a \u0642\u0637\u0631","provider_url":"https:\/\/if-qatar.com\/ar\/","author_name":"ifq","author_url":"https:\/\/if-qatar.com\/ar\/author\/ifq\/","title":"Spectacle de contes africains - Institut Fran\u00e7ais du Qatar","type":"rich","width":600,"height":338,"html":"<blockquote class=\"wp-embedded-content\" data-secret=\"gm2C7CBxq9\"><a href=\"https:\/\/if-qatar.com\/ar\/events\/spectacle-de-contes-africains\/\">Spectacle de contes africains<\/a><\/blockquote><iframe sandbox=\"allow-scripts\" security=\"restricted\" src=\"https:\/\/if-qatar.com\/ar\/events\/spectacle-de-contes-africains\/embed\/#?secret=gm2C7CBxq9\" width=\"600\" height=\"338\" title=\"&#8220;Spectacle de contes africains&#8221; &#8212; Institut Fran\u00e7ais du Qatar\" data-secret=\"gm2C7CBxq9\" frameborder=\"0\" marginwidth=\"0\" marginheight=\"0\" scrolling=\"no\" class=\"wp-embedded-content\"><\/iframe><script>\n\/*! This file is auto-generated *\/\n!function(d,l){\"use strict\";l.querySelector&&d.addEventListener&&\"undefined\"!=typeof URL&&(d.wp=d.wp||{},d.wp.receiveEmbedMessage||(d.wp.receiveEmbedMessage=function(e){var t=e.data;if((t||t.secret||t.message||t.value)&&!\/[^a-zA-Z0-9]\/.test(t.secret)){for(var s,r,n,a=l.querySelectorAll('iframe[data-secret=\"'+t.secret+'\"]'),o=l.querySelectorAll('blockquote[data-secret=\"'+t.secret+'\"]'),c=new RegExp(\"^https?:$\",\"i\"),i=0;i<o.length;i++)o[i].style.display=\"none\";for(i=0;i<a.length;i++)s=a[i],e.source===s.contentWindow&&(s.removeAttribute(\"style\"),\"height\"===t.message?(1e3<(r=parseInt(t.value,10))?r=1e3:~~r<200&&(r=200),s.height=r):\"link\"===t.message&&(r=new URL(s.getAttribute(\"src\")),n=new URL(t.value),c.test(n.protocol))&&n.host===r.host&&l.activeElement===s&&(d.top.location.href=t.value))}},d.addEventListener(\"message\",d.wp.receiveEmbedMessage,!1),l.addEventListener(\"DOMContentLoaded\",function(){for(var e,t,s=l.querySelectorAll(\"iframe.wp-embedded-content\"),r=0;r<s.length;r++)(t=(e=s[r]).getAttribute(\"data-secret\"))||(t=Math.random().toString(36).substring(2,12),e.src+=\"#?secret=\"+t,e.setAttribute(\"data-secret\",t)),e.contentWindow.postMessage({message:\"ready\",secret:t},\"*\")},!1)))}(window,document);\n<\/script>","thumbnail_url":"https:\/\/if-qatar.com\/wordpress\/wp-content\/uploads\/2022\/03\/VISUEL-SITE-WEB-SAGESSES-DE-LA-SAVANE.jpg","thumbnail_width":1280,"thumbnail_height":550,"description":"Dans le cadre de la francophonie au Qatar, le conteur Isma\u00ebl GOUBA pr\u00e9sente son spectacle \u00ab\u00a0SAGESSES DE LA SAVANE\u00a0\u00bb, un r\u00e9pertoire de contes bas\u00e9 sur les histoires que lui racontait son grand p\u00e8re le soir, au village, quand il habitait au Burkina Faso. Un spectacle pour petits et grands, cont\u00e9 avec humour et traitant souvent [&hellip;]"}

المعهد الفرنسي في قطر

Spectacle de contes africains - Institut Français du Qatar

<blockquote class="wp-embedded-content" data-secret="gm2C7CBxq9"><a href="https://if-qatar.com/ar/events/spectacle-de-contes-africains/">Spectacle de contes africains</a></blockquote><iframe sandbox="allow-scripts" security="restricted" src="https://if-qatar.com/ar/events/spectacle-de-contes-africains/embed/#?secret=gm2C7CBxq9" width="600" height="338" title="&#8220;Spectacle de contes africains&#8221; &#8212; Institut Français du Qatar" data-secret="gm2C7CBxq9" frameborder="0" marginwidth="0" marginheight="0" scrolling="no" class="wp-embedded-content"></iframe><script>
/*! This file is auto-generated */
!function(d,l){"use strict";l.querySelector&&d.addEventListener&&"undefined"!=typeof URL&&(d.wp=d.wp||{},d.wp.receiveEmbedMessage||(d.wp.receiveEmbedMessage=function(e){var t=e.data;if((t||t.secret||t.message||t.value)&&!/[^a-zA-Z0-9]/.test(t.secret)){for(var s,r,n,a=l.querySelectorAll('iframe[data-secret="'+t.secret+'"]'),o=l.querySelectorAll('blockquote[data-secret="'+t.secret+'"]'),c=new RegExp("^https?:$","i"),i=0;i<o.length;i++)o[i].style.display="none";for(i=0;i<a.length;i++)s=a[i],e.source===s.contentWindow&&(s.removeAttribute("style"),"height"===t.message?(1e3<(r=parseInt(t.value,10))?r=1e3:~~r<200&&(r=200),s.height=r):"link"===t.message&&(r=new URL(s.getAttribute("src")),n=new URL(t.value),c.test(n.protocol))&&n.host===r.host&&l.activeElement===s&&(d.top.location.href=t.value))}},d.addEventListener("message",d.wp.receiveEmbedMessage,!1),l.addEventListener("DOMContentLoaded",function(){for(var e,t,s=l.querySelectorAll("iframe.wp-embedded-content"),r=0;r<s.length;r++)(t=(e=s[r]).getAttribute("data-secret"))||(t=Math.random().toString(36).substring(2,12),e.src+="#?secret="+t,e.setAttribute("data-secret",t)),e.contentWindow.postMessage({message:"ready",secret:t},"*")},!1)))}(window,document);
</script>

Dans le cadre de la francophonie au Qatar, le conteur Ismaël GOUBA présente son spectacle « SAGESSES DE LA SAVANE », un répertoire de contes basé sur les histoires que lui racontait son grand père le soir, au village, quand il habitait au Burkina Faso. Un spectacle pour petits et grands, conté avec humour et traitant souvent [&hellip;]
